What is the ten thousands digit of 1609389?
0
What is the units digit of 139801?
1
What is the ten millions digit of 18668263?
1
What is the hundreds digit of 167313?
3
What is the millions digit of 2033874?
2
What is the ten thousands digit of 770912?
7
What is the thousands digit of 321446?
1
What is the hundred thousands digit of 126073?
1
What is the units digit of 8328486?
6
What is the units digit of 8563?
3
What is the units digit of 14932287?
7
What is the ten thousands digit of 2446550?
4
What is the hundred thousands digit of 21667526?
6
What is the hundreds digit of 549222?
2
What is the ten thousands digit of 1759281?
5
What is the hundreds digit of 466167?
1
What is the tens digit of 263752?
5
What is the ten thousands digit of 1327327?
2
What is the hundreds digit of 10334354?
3
What is the thousands digit of 70617?
0
What is the units digit of 8185141?
1
What is the hundreds digit of 347910?
9
What is the hundreds digit of 874830?
8
What is the tens digit of 28613385?
8
What is the hundred thousands digit of 300624?
3
What is the thousands digit of 3613558?
3
What is the thousands digit of 616625?
6
What is the units digit of 666214?
4
What is the millions digit of 1050611?
1
What is the thousands digit of 3010736?
0
What is the hundreds digit of 9638847?
8
What is the units digit of 27861608?
8
What is the ten thousands digit of 5331381?
3
What is the thousands digit of 19084887?
4
What is the hundred thousands digit of 358808?
3
What is the units digit of 4201368?
8
What is the ten thousands digit of 506356?
0
What is the hundred thousands digit of 140910?
1
What is the units digit of 29673076?
6
What is the thousands digit of 11761361?
1
What is the tens digit of 35105132?
3
What is the units digit of 327381?
1
What is the ten thousands digit of 22494527?
9
What is the hundred thousands digit of 334158?
3
What is the tens digit of 19955308?
0
What is the hundreds digit of 4556350?
3
What is the hundreds digit of 326739?
7
What is the hundreds digit of 470801?
8
What is the hundred thousands digit of 526809?
5
What is the hundred thousands digit of 430620?
4
What is the hundred thousands digit of 24936083?
9
What is the hundred thousands digit of 4649817?
6
What is the tens digit of 8399219?
1
What is the hundred thousands digit of 326874?
3
What is the hundreds digit of 13747343?
3
What is the tens digit of 8453270?
7
What is the thousands digit of 643411?
3
What is the hundreds digit of 7215901?
9
What is the units digit of 123920?
0
What is the millions digit of 2066390?
2
What is the units digit of 3487702?
2
What is the hundreds digit of 12731178?
1
What is the hundreds digit of 4008381?
3
What is the ten thousands digit of 6799070?
9
What is the tens digit of 2083327?
2
What is the units digit of 4007378?
8
What is the tens digit of 1116498?
9
What is the millions digit of 1161922?
1
What is the ten thousands digit of 262424?
6
What is the tens digit of 3641702?
0
What is the hundreds digit of 163617?
6
What is the units digit of 975981?
1
What is the ten thousands digit of 6356423?
5
What is the millions digit of 7181130?
7
What is the millions digit of 5776643?
5
What is the hundreds digit of 485779?
7
What is the units digit of 124620?
0
What is the hundreds digit of 410401?
4
What is the hundred thousands digit of 812122?
8
What is the units digit of 410089?
9
What is the thousands digit of 2399236?
9
What is the thousands digit of 499214?
9
What is the thousands digit of 2318875?
8
What is the hundreds digit of 211714?
7
What is the ten millions digit of 33460642?
3
What is the hundred thousands digit of 2034699?
0
What is the hundreds digit of 96206?
2
What is the hundreds digit of 1205789?
7
What is the ten thousands digit of 4143941?
4
What is the ten millions digit of 12802343?
1
What is the hundred thousands digit of 595143?
5
What is the units digit of 160658?
8
What is the thousands digit of 7222727?
2
What is the tens digit of 206798?
9
What is the ten millions digit of 15996041?
1
What is the hundred thousands digit of 300631?
3
What is the hundred thousands digit of 120021?
1
What is the ten thousands digit of 310774?
1
What is the units digit of 1860780?
0
What is the units digit of 21014622?
2
What is the ten thousands digit of 2136183?
3
What is the tens digit of 638895?
9
What is the hundred thousands digit of 3255717?
2
What is the thousands digit of 3219983?
9
What is the hundred thousands digit of 824486?
8
What is the ten thousands digit of 10378973?
7
What is the ten thousands digit of 521786?
2
What is the hundred thousands digit of 12458738?
4
What is the tens digit of 1444018?
1
What is the ten thousands digit of 924866?
2
What is the hundreds digit of 1158399?
3
What is the tens digit of 7621626?
2
What is the hundreds digit of 120457?
4
What is the hundred thousands digit of 9319009?
3
What is the hundreds digit of 7678271?
2
What is the units digit of 1490479?
9
What is the tens digit of 3722940?
4
What is the hundred thousands digit of 768459?
7
What is the thousands digit of 6672877?
2
What is the units digit of 1790488?
8
What is the hundred thousands digit of 2873211?
8
What is the hundreds digit of 1702261?
2
What is the hundred thousands digit of 3129208?
1
What is the ten thousands digit of 945462?
4
What is the hundreds digit of 219641?
6
What is the hundreds digit of 2583?
5
What is the millions digit of 4129658?
4
What is the thousands digit of 974631?
4
What is the millions digit of 12284758?
2
What is the ten thousands digit of 4354611?
5
What is the units digit of 27668258?
8
What is the ten thousands digit of 18690753?
9
What is the tens digit of 382176?
7
What is the ten thousands digit of 2524640?
2
What is the hundreds digit of 1250391?
3
What is the millions digit of 5570825?
5
What is the hundreds digit of 272588?
5
What is the hundred thousands digit of 463100?
4
What is the tens digit of 249499?
9
What is the units digit of 104891?
1
What is the tens digit of 177281?
8
What is the ten millions digit of 14332955?
1
What is the units digit of 799067?
7
What is the millions digit of 1204361?
1
What is the millions digit of 10576158?
0
What is the hundred thousands digit of 11016086?
0
What is the thousands digit of 2337232?
7
What is the thousands digit of 232359?
2
What is the units digit of 500667?
7
What is the tens digit of 8021853?
5
What is the ten thousands digit of 319137?
1
What is the tens digit of 153875?
7
What is the hundreds digit of 16201141?
1
What is the hundreds digit of 193510?
5
What is the units digit of 10936658?
8
What is the thousands digit of 3369349?
9
What is the hundreds digit of 3279920?
9
What is the thousands digit of 223793?
3
What is the thousands digit of 900273?
0
What is the millions digit of 17684906?
7
What is the thousands digit of 926232?
6
What is the ten thousands digit of 231064?
3
What is the millions digit of 2227384?
2
What is the hundreds digit of 24382?
3
What is the tens digit of 513813?
1
What is the hundred thousands digit of 675476?
6
What is the ten thousands digit of 4883022?
8
What is the thousands digit of 233907?
3
What is the hundred thousands digit of 347471?
3
What is the ten thousands digit of 30474213?
7
What is the ten thousands digit of 247074?
4
What is the millions digit of 1648333?
1
What is the ten thousands digit of 258368?
5
What is the hundreds digit of 789814?
8
What is the units digit of 160819?
9
What is the ten thousands digit of 383818?
8
What is the hundreds digit of 19172878?
8
What is the thousands digit of 345528?
5
What is the tens digit of 4002552?
5
What is the hundreds digit of 1682713?
7
What is the units digit of 848931?
1
What is the tens digit of 34782088?
8
What is the hundred thousands digit of 368787?
3
What is the ten millions digit of 11667425?
1
What is the hundreds digit of 2650323?
3
What is the hundred thousands digit of 2170137?
1
What is the ten millions digit of 14859109?
1
What is the ten thousands digit of 10744978?
4
What is the units digit of 21733277?
7
What is the ten thousands digit of 240416?
4
What is the units digit of 366272?
2
What is the millions digit of 16122044?
6
What is the thousands digit of 247333?
7
What is the ten thousands digit of 699909?
9
What i